se
Is 184757 prime?
False
Is 12511 composite?
False
Is 3271 a prime number?
True
Is 10289 a composite number?
False
Is 1243 composite?
True
Is 134807 composite?
False
Is 4391 prime?
True
Is 7754 a prime number?
False
Is 9767 prime?
True
Is 183151 composite?
False
Is 125569 prime?
False
Is 33287 composite?
False
Is 79 prime?
True
Is 2281 a prime number?
True
Is 1157 composite?
True
Is 164777 a prime number?
False
Is 20153 prime?
False
Is 508709 a composite number?
False
Is 47221 a composite number?
False
Is 1367 a composite number?
False
Is 1259 prime?
True
Is 16141 a composite number?
False
Is 5557 composite?
False
Is 11369 composite?
False
Is 7817 composite?
False
Is 236703 a composite number?
True
Is 213791 prime?
True
Is 55841 a prime number?
False
Is 2324317 a composite number?
False
Is 4339 a prime number?
True
Is 26843 a prime number?
False
Is 739 composite?
False
Is 247159 a prime number?
False
Is 577617 composite?
True
Is 7997 a composite number?
True
Is 11089 a composite number?
True
Is 4547 prime?
True
Is 172001 composite?
False
Is 110339 a composite number?
False
Is 21891 composite?
True
Is 260527 prime?
True
Is 137771 prime?
True
Is 7909 composite?
True
Is 26099 prime?
True
Is 2927 a prime number?
True
Is 538117 composite?
False
Is 288137 a prime number?
True
Is 71653 prime?
False
Is 124205 prime?
False
Is 7237 a composite number?
False
Is 82609 composite?
False
Is 54083 a prime number?
True
Is 11257 composite?
False
Is 526271 composite?
False
Is 215737 prime?
True
Is 16319 composite?
False
Is 70377 a composite number?
True
Is 1823 a composite number?
False
Is 140381 prime?
True
Is 27689 a prime number?
True
Is 54037 a prime number?
True
Is 4703 composite?
False
Is 2159 a prime number?
False
Is 93683 composite?
False
Is 8071 a prime number?
False
Is 877 a composite number?
False
Is 990979 a prime number?
False
Is 102439 composite?
True
Is 28463 prime?
True
Is 977695 composite?
True
Is 217057 a composite number?
False
Is 391519 composite?
False
Is 891757 a prime number?
False
Is 197641 a composite number?
False
Is 1534121 prime?
True
Is 31139 composite?
False
Is 523703 a prime number?
False
Is 428182 composite?
True
Is 111719 composite?
True
Is 5471 a composite number?
False
Is 264867 a prime number?
False
Is 67069 prime?
False
Is 4740439 prime?
False
Is 58129 a prime number?
True
Is 2503 composite?
False
Is 430487 prime?
True
Is 4971 a prime number?
False
Is 8941 a composite number?
False
Is 5129 a prime number?
False
Is 91183 a composite number?
False
Is 55617 a composite number?
True
Is 5403 a composite number?
True
Is 70049 a prime number?
False
Is 182417 prime?
True
Is 2633 a prime number?
True
Is 7609 a composite number?
True
Is 160159 a prime number?
True
Is 19547 composite?
True
Is 399353 a prime number?
True
Is 19121 a composite number?
False
Is 30377 composite?
True
Is 193327 composite?
False
Is 807809 composite?
False
Is 2363569 prime?
False
Is 46807 a prime number?
True
Is 3127 a prime number?
False
Is 8509 a composite number?
True
Is 424223 composite?
False
Is 91447 a composite number?
True
Is 151021 composite?
True
Is 637379 composite?
False
Is 34483 a composite number?
False
Is 16127 a prime number?
True
Is 35957 a prime number?
False
Is 5195 a prime number?
False
Is 2488877 prime?
True
Is 6041 prime?
False
Is 201155 composite?
True
Is 2063 a prime number?
True
Is 18638 a composite number?
True
Is 32491 composite?
False
Is 262169 composite?
True
Is 85817 a composite number?
False
Is 488161 prime?
True
Is 2053 prime?
True
Is 12379 a composite number?
False
Is 94873 a composite number?
False
Is 112237 composite?
False
Is 21617 a composite number?
False
Is 732181 a prime number?
True
Is 50989 composite?
False
Is 91339 a prime number?
False
Is 4751 composite?
False
Is 12689 a prime number?
True
Is 17363 composite?
True
Is 1453597 composite?
False
Is 15053 a prime number?
True
Is 37837 a composite number?
True
Is 11369 a prime number?
True
Is 69949 prime?
False
Is 8749 composite?
True
Is 16547 composite?
False
Is 19681 a composite number?
False
Is 984199 prime?
True
Is 439733 prime?
False
Is 9719 a composite number?
False
Is 5386 composite?
True
Is 159217 composite?
True
Is 1445161 composite?
False
Is 23417 a prime number?
True
Is 215923 a composite number?
True
Is 99377 composite?
False
Is 53951 composite?
False
Is 24851 a prime number?
True
Is 51109 a composite number?
False
Is 505147 a prime number?
False
Is 3793 composite?
False
Is 8491 prime?
False
Is 2247637 a prime number?
False
Is 325133 a composite number?
False
Is 272247 prime?
False
Is 29917 composite?
False
Is 22907 a composite number?
False
Is 1087 composite?
False
Is 3747 composite?
True
Is 87071 prime?
True
Is 4373 composite?
False
Is 201901 composite?
True
Is 38987 a prime number?
False
Is 168133 a composite number?
True
Is 64553 prime?
True
Is 37483 composite?
False
Is 7609 a prime number?
False
Is 29579 prime?
False
Is 418567 a composite number?
True
Is 1597 a composite number?
False
Is 4547 a prime number?
True
Is 29137 composite?
False
Is 570781 a prime number?
True
Is 159893 prime?
False
Is 1115 composite?
True
Is 69899 prime?
True
Is 1151 a prime number?
True
Is 5993 prime?
False
Is 650207 prime?
False
Is 69821 a composite number?
False
Is 12143 a prime number?
True
Is 17509 a composite number?
False
Is 2183 a prime number?
False
Is 14113 composite?
True
Is 450197 composite?
True
Is 80573 a prime number?
False
Is 63029 prime?
True
Is 46919 a prime number?
True
Is 50035 a composite number?
True
Is 614311 a composite number?
True
Is 641 a composite number?
False
Is 10073 a composite number?
True
Is 5471 a prime number?
True
Is 70661 composite?
True
Is 29641 a prime number?
True
Is 537011 prime?
True
Is 36121 a composite number?
True
Is 18803 a prime number?
True
Is 55582 prime?
False
Is 1654 a composite number?
True
Is 753449 composite?
True
Is 18839 a prime number?
True
Is 1481 prime?
True
Is 221057 a composite number?
True
Is 1022357 a prime number?
False
Is 650669 prime?
True
Is 12049 a composite number?
False
Is 1961 a composite number?
True
Is 88966 a composite number?
True
Is 27923 a composite number?
True
Is 76889 a prime number?
False
Is 463673 a prime number?
False
Is 369007 a composite number?
False
Is 28007 a composite number?
True
Is 252407 composite?
True
Is 22583 prime?
False
Is 68615 composite?
True
Is 9773 a composite number?
True
Is 870781 composite?
True
Is 9643 prime?
True
Is 36587 composite?
False
Is 622709 composite?
False
Is 245501 a composite number?
False
Is 85679 prime?
False
Is 1398002 composite?
True
Is 157393 prime?
True
Is 24233 a prime number?
False
Is 106243 prime?
True
Is 66961 composite?
True
Is 39187 a composite number?
True
Is 85609 a prime number?
False
Is 22151 prime?
False
Is 5951 composite?
True
Is 107581 composite?
False
Is 544207 prime?
False
Is 71206 prime?
False
Is 24286 prime?
False
Is 523793 composite?
False
Is 4367 prime?
False
Is 50831 a prime number?
False
Is 64997 prime?
True
Is 114505 composite?
True
Is 18113 a prime number?
False
Is 5543 composite?
True
Is 578881 composite?
False
Is 1953509 a composite number?
False
Is 27649 a prime number?
False
Is 568714 composite?
True
Is 105581 a composite number?
True
Is 41039 prime?
True
Is 71593 a composite number?
False
Is 66617 composite?
False
Is 118603 prime?
True
Is 12013 prime?
False
Is 633559 prime?
True
Is 36965 a composite number?
True
Is 573653 prime?
False
Is 3407 composite?
False
Is 329753 a composite number?
True
Is 68339 prime?
False
Is 193259 prime?
False
Is 2923 a prime number?
False
Is 4621 prime?
True
Is 16811 composite?
False
Is 9239 prime?
True
Is 137695 prime?
False
Is 8857 a prime number?
False
Is 406927 composite?
True
Is 61949 prime?
True
Is 238613 composite?
True
Is 100249 composite?
True
Is 237509 prime?
True
Is 16574 a prime number?
False
Is 54829 a composite number?
False
Is 671831 a prime number?
True
Is 805531 composite?
False
Is 2082007 a prime number?
False
Is 147919 prime?
True
Is 19673 composite?
True
Is 8401 composite?
True
Is 47983 a prime number?
False
Is 19289 a composite number?
False
Is 18713 prime?
True
Is 11177 a composite number?
False
Is 30289 prime?
False
Is 2421985 prime?
False
Is 111227 prime?
True
Is 1133377 co